 {"id":16091,"date":"2023-05-12T13:51:27","date_gmt":"2023-05-12T13:51:27","guid":{"rendered":"https:\/\/www.greenbird-racing.com\/p\/polo-homme-180g-2\/"},"modified":"2026-04-30T05:43:35","modified_gmt":"2026-04-30T05:43:35","slug":"polo-porsche-gt3-rally","status":"publish","type":"product","link":"https:\/\/www.greenbird-racing.com\/en\/p\/polo-porsche-gt3-rally\/","title":{"rendered":"Polo Porsche 911 GT3 Rally 180g"},"content":{"rendered":"<p>D\u00e9couvrez le Polo &#8220;Porsche 911 GT3 Rally&#8221;, une pi\u00e8ce d&#8217;habillement \u00e0 la fois chic et sportive qui saura s\u00e9duire tous les amoureux de Porsche et de rallye. Ce polo affiche fi\u00e8rement une illustration d\u00e9taill\u00e9e de la Porsche 911 GT3, mettant en avant l&#8217;esprit de comp\u00e9tition et la performance de cette ic\u00f4ne du sport automobile.<\/p>\n<h2>Caract\u00e9ristiques du dessin<\/h2>\n<p>Le dessin met en sc\u00e8ne une Porsche 911 GT3 blanche avec une bande centrale jaune ocre, un clin d&#8217;oeil \u00e0 ses racines sportives. L&#8217;aileron typ\u00e9 circuit, les jantes, les r\u00e9troviseurs et les \u00e9l\u00e9ments a\u00e9rodynamiques du spoiler avant sont \u00e9galement de couleur ocre, mettant en valeur le souci du d\u00e9tail caract\u00e9ristique de cette voiture. Elle semble avoir \u00e9t\u00e9 asperg\u00e9e de traces de terre ou de sable ocre, signe d&#8217;une utilisation intensive en rallye. Le bandeau pare-soleil est marqu\u00e9 du nom du Team GPLEH69SPROT, ajoutant une touche d&#8217;authenticit\u00e9 \u00e0 l&#8217;illustration. Le style cartoon du dessin, associ\u00e9 \u00e0 un impressionnant effet de vitesse, donne \u00e0 cette Porsche 911 GT3 un v\u00e9ritable sentiment de dynamisme.<\/p>\n<h2>Sp\u00e9cifications du Polo<\/h2>\n<p>Ce polo pour homme est con\u00e7u \u00e0 partir de 100% coton peign\u00e9, ce qui lui conf\u00e8re une excellente tenue et un confort optimal. Sa coupe classique et ses coutures renforc\u00e9es aux \u00e9paules garantissent une durabilit\u00e9 sup\u00e9rieure. Il est disponible jusqu&#8217;\u00e0 la taille 3XL.<\/p>\n<p>Le polo est propos\u00e9 en trois couleurs &#8211; bleu marine, gris clair et jaune &#8211; offrant ainsi une grande vari\u00e9t\u00e9 de choix pour satisfaire tous les go\u00fbts. Chaque coloris fait ressortir le dessin de mani\u00e8re diff\u00e9rente.<\/p>\n<h2>Un tribut \u00e0 la Porsche 911 GT3<\/h2>\n<p>En arborant ce polo &#8220;Porsche 911 GT3 Rally&#8221;, vous rendrez hommage \u00e0 l&#8217;histoire de Porsche et \u00e0 la performance de la 911 GT3. C&#8217;est une mani\u00e8re \u00e9l\u00e9gante d&#8217;exprimer votre passion pour le sport automobile et de c\u00e9l\u00e9brer l&#8217;ing\u00e9nierie pr\u00e9cise et la puissance qui caract\u00e9risent cette voiture l\u00e9gendaire.<br \/>\n\t\t\t\t        \t\t\tGuide des tailles:<\/p>\n<div class=\"tableau-taille\">\n<h3 class=\"legende2\">Tableau de taille (cm)<\/h3>\n<table class=\"tableau\">\n<tr>\n<th><\/th>\n<th scope=\"col\">S<\/th>\n<th scope=\"col\">M<\/th>\n<th scope=\"col\">L<\/th>\n<th scope=\"col\">XL<\/th>\n<th scope=\"col\">XXL<\/th>\n<th scope=\"col\">3XL<\/th>\n<th scope=\"col\">Tol\u00e9rance +\/-<\/th>\n<\/tr>\n<tr>\n<th scope=\"row\"><b>A Hauteur<\/b><\/th>\n<td>70.5<\/td>\n<td>73<\/td>\n<td>75.5<\/td>\n<td>78<\/td>\n<td>80.5<\/td>\n<td>83<\/td>\n<td>10 %<\/td>\n<\/tr>\n<tr>\n<th scope=\"row\"><b>B Largeur<\/b><\/th>\n<td>50<\/td>\n<td>53.5<\/td>\n<td>57<\/td>\n<td>60.5<\/td>\n<td>64<\/td>\n<td>67.5<\/td>\n<td>10 %<\/td>\n<\/tr>\n<\/table><\/div>\n<div class=\"tableau-taille\">\n<h3 class=\"legende2\">Size Guide (inches)<\/h3>\n<table class=\"tableau\">\n<tr>\n<th><\/th>\n<th scope=\"col\">S<\/th>\n<th scope=\"col\">M<\/th>\n<th scope=\"col\">L<\/th>\n<th scope=\"col\">XL<\/th>\n<th scope=\"col\">XXL<\/th>\n<th scope=\"col\">3XL<\/th>\n<th scope=\"col\">Tol\u00e9rance +\/-<\/th>\n<\/tr>\n<tr>\n<th scope=\"row\"><b>Width (inches)<\/b><\/th>\n<td>\n\t\t\t\t\t                        \t27\t\t\t                        \t\t\t<\/td>\n<td>\n\t\t\t\t\t                        \t28\t\t\t                        \t\t\t<\/td>\n<td>\n\t\t\t\t\t                        \t29\t\t\t                        \t\t\t<\/td>\n<td>\n\t\t\t\t\t                        \t30\t\t\t                        \t\t\t<\/td>\n<td>\n\t\t\t\t\t                        \t31\t\t\t                        \t\t\t<\/td>\n<td>\n\t\t\t\t\t                        \t32\t\t\t                        \t\t\t<\/td>\n<td>\n\t\t\t\t\t                        \t10 %\t\t\t                        \t\t\t<\/td>\n<\/tr>\n<tr>\n<th scope=\"row\"><b>Length (inches)<\/b><\/th>\n<td>\n\t\t\t\t\t                        \t19\t\t\t                        \t\t\t<\/td>\n<td>\n\t\t\t\t\t                        \t21\t\t\t                        \t\t\t<\/td>\n<td>\n\t\t\t\t\t                        \t22\t\t\t                        \t\t\t<\/td>\n<td>\n\t\t\t\t\t                        \t23\t\t\t                        \t\t\t<\/td>\n<td>\n\t\t\t\t\t                        \t25\t\t\t                        \t\t\t<\/td>\n<td>\n\t\t\t\t\t                        \t26\t\t\t                        \t\t\t<\/td>\n<td>\n\t\t\t\t\t                        \t10 %\t\t\t                        \t\t\t<\/td>\n<\/tr>\n<\/table><\/div>\n","protected":false},"excerpt":{"rendered":"<p>D\u00e9couvrez le Polo &#8220;Porsche 911 GT3 Rally&#8221;, une pi\u00e8ce d&#8217;habillement \u00e0 la fois chic et sportive qui saura s\u00e9duire tous les amoureux de Porsche et de rallye. Ce polo affiche fi\u00e8rement une illustration d\u00e9taill\u00e9e de la Porsche 911 GT3, mettant en avant l&#8217;esprit de comp\u00e9tition et la performance de cette ic\u00f4ne du sport automobile. Caract\u00e9ristiques [&hellip;]<\/p>\n","protected":false},"featured_media":16089,"template":"","meta":{"_et_pb_use_builder":"","_et_pb_old_content":"","_et_gb_content_width":""},"product_brand":[],"product_cat":[162,49,183],"product_tag":[],"class_list":{"0":"post-16091","1":"product","2":"type-product","3":"status-publish","4":"has-post-thumbnail","6":"product_cat-polos","7":"product_cat-porsche-911","8":"product_cat-rallyes","10":"first","11":"outofstock","12":"taxable","13":"shipping-taxable","14":"purchasable","15":"product-type-variable","16":"has-default-attributes"},"_links":{"self":[{"href":"https:\/\/www.greenbird-racing.com\/en\/wp-json\/wp\/v2\/product\/16091","targetHints":{"allow":["GET"]}}],"collection":[{"href":"https:\/\/www.greenbird-racing.com\/en\/wp-json\/wp\/v2\/product"}],"about":[{"href":"https:\/\/www.greenbird-racing.com\/en\/wp-json\/wp\/v2\/types\/product"}],"wp:featuredmedia":[{"embeddable":true,"href":"https:\/\/www.greenbird-racing.com\/en\/wp-json\/wp\/v2\/media\/16089"}],"wp:attachment":[{"href":"https:\/\/www.greenbird-racing.com\/en\/wp-json\/wp\/v2\/media?parent=16091"}],"wp:term":[{"taxonomy":"product_brand","embeddable":true,"href":"https:\/\/www.greenbird-racing.com\/en\/wp-json\/wp\/v2\/product_brand?post=16091"},{"taxonomy":"product_cat","embeddable":true,"href":"https:\/\/www.greenbird-racing.com\/en\/wp-json\/wp\/v2\/product_cat?post=16091"},{"taxonomy":"product_tag","embeddable":true,"href":"https:\/\/www.greenbird-racing.com\/en\/wp-json\/wp\/v2\/product_tag?post=16091"}],"curies":[{"name":"wp","href":"https:\/\/api.w.org\/{rel}","templated":true}]}}

<p>Découvrez le Polo &#8220;Porsche 911 GT3 Rally&#8221;, une pièce d&#8217;habillement à la fois chic et sportive qui saura séduire tous les amoureux de Porsche et de rallye. Ce polo affiche fièrement une illustration détaillée de la Porsche 911 GT3, mettant en avant l&#8217;esprit de compétition et la performance de cette icône du sport automobile.</p>
<h2>Caractéristiques du dessin</h2>
<p>Le dessin met en scène une Porsche 911 GT3 blanche avec une bande centrale jaune ocre, un clin d&#8217;oeil à ses racines sportives. L&#8217;aileron typé circuit, les jantes, les rétroviseurs et les éléments aérodynamiques du spoiler avant sont également de couleur ocre, mettant en valeur le souci du détail caractéristique de cette voiture. Elle semble avoir été aspergée de traces de terre ou de sable ocre, signe d&#8217;une utilisation intensive en rallye. Le bandeau pare-soleil est marqué du nom du Team GPLEH69SPROT, ajoutant une touche d&#8217;authenticité à l&#8217;illustration. Le style cartoon du dessin, associé à un impressionnant effet de vitesse, donne à cette Porsche 911 GT3 un véritable sentiment de dynamisme.</p>
<h2>Spécifications du Polo</h2>
<p>Ce polo pour homme est conçu à partir de 100% coton peigné, ce qui lui confère une excellente tenue et un confort optimal. Sa coupe classique et ses coutures renforcées aux épaules garantissent une durabilité supérieure. Il est disponible jusqu&#8217;à la taille 3XL.</p>
<p>Le polo est proposé en trois couleurs &#8211; bleu marine, gris clair et jaune &#8211; offrant ainsi une grande variété de choix pour satisfaire tous les goûts. Chaque coloris fait ressortir le dessin de manière différente.</p>
<h2>Un tribut à la Porsche 911 GT3</h2>
<p>En arborant ce polo &#8220;Porsche 911 GT3 Rally&#8221;, vous rendrez hommage à l&#8217;histoire de Porsche et à la performance de la 911 GT3. C&#8217;est une manière élégante d&#8217;exprimer votre passion pour le sport automobile et de célébrer l&#8217;ingénierie précise et la puissance qui caractérisent cette voiture légendaire.<br />
				        			Guide des tailles:</p>
<div class="tableau-taille">
<h3 class="legende2">Tableau de taille (cm)</h3>
<table class="tableau">
<tr>
<th></th>
<th scope="col">S</th>
<th scope="col">M</th>
<th scope="col">L</th>
<th scope="col">XL</th>
<th scope="col">XXL</th>
<th scope="col">3XL</th>
<th scope="col">Tolérance +/-</th>
</tr>
<tr>
<th scope="row"><b>A Hauteur</b></th>
<td>70.5</td>
<td>73</td>
<td>75.5</td>
<td>78</td>
<td>80.5</td>
<td>83</td>
<td>10 %</td>
</tr>
<tr>
<th scope="row"><b>B Largeur</b></th>
<td>50</td>
<td>53.5</td>
<td>57</td>
<td>60.5</td>
<td>64</td>
<td>67.5</td>
<td>10 %</td>
</tr>
</table></div>
<div class="tableau-taille">
<h3 class="legende2">Size Guide (inches)</h3>
<table class="tableau">
<tr>
<th></th>
<th scope="col">S</th>
<th scope="col">M</th>
<th scope="col">L</th>
<th scope="col">XL</th>
<th scope="col">XXL</th>
<th scope="col">3XL</th>
<th scope="col">Tolérance +/-</th>
</tr>
<tr>
<th scope="row"><b>Width (inches)</b></th>
<td>
					                        	27			                        			</td>
<td>
					                        	28			                        			</td>
<td>
					                        	29			                        			</td>
<td>
					                        	30			                        			</td>
<td>
					                        	31			                        			</td>
<td>
					                        	32			                        			</td>
<td>
					                        	10 %			                        			</td>
</tr>
<tr>
<th scope="row"><b>Length (inches)</b></th>
<td>
					                        	19			                        			</td>
<td>
					                        	21			                        			</td>
<td>
					                        	22			                        			</td>
<td>
					                        	23			                        			</td>
<td>
					                        	25			                        			</td>
<td>
					                        	26			                        			</td>
<td>
					                        	10 %			                        			</td>
</tr>
</table></div>

<p>Découvrez le Polo &#8220;Porsche 911 GT3 Rally&#8221;, une pièce d&#8217;habillement à la fois chic et sportive qui saura séduire tous les amoureux de Porsche et de rallye. Ce polo affiche fièrement une illustration détaillée de la Porsche 911 GT3, mettant en avant l&#8217;esprit de compétition et la performance de cette icône du sport automobile. Caractéristiques [&hellip;]</p>
